[INFO] cloning repository https://github.com/Lisoph/autossh
[INFO] running `Command { std: "git" "-c" "credential.helper=" "-c" "credential.helper=/workspace/cargo-home/bin/git-credential-null" "clone" "--bare" "https://github.com/Lisoph/autossh" "/workspace/cache/git-repos/https%3A%2F%2Fgithub.com%2FLisoph%2Fautossh", kill_on_drop: false }`
[INFO] [stderr] Cloning into bare repository '/workspace/cache/git-repos/https%3A%2F%2Fgithub.com%2FLisoph%2Fautossh'...
[INFO] running `Command { std: "git" "rev-parse" "HEAD", kill_on_drop: false }`
[INFO] [stdout] 961a9079dc48b19f3d2e5bdcc49c6313f5349abc
[INFO] building Lisoph/autossh against master#ff34b919075f35a1787659e9c448a34b06bab8de for issue-85264
[INFO] running `Command { std: "git" "clone" "/workspace/cache/git-repos/https%3A%2F%2Fgithub.com%2FLisoph%2Fautossh" "/workspace/builds/worker-5/source", kill_on_drop: false }`
[INFO] [stderr] Cloning into '/workspace/builds/worker-5/source'...
[INFO] [stderr] done.
[INFO] validating manifest of git repo https://github.com/Lisoph/autossh on toolchain ff34b919075f35a1787659e9c448a34b06bab8de
[INFO] running `Command { std: "/workspace/cargo-home/bin/cargo" "+ff34b919075f35a1787659e9c448a34b06bab8de" "metadata" "--manifest-path" "Cargo.toml" "--no-deps", kill_on_drop: false }`
[INFO] started tweaking git repo https://github.com/Lisoph/autossh
[INFO] finished tweaking git repo https://github.com/Lisoph/autossh
[INFO] tweaked toml for git repo https://github.com/Lisoph/autossh written to /workspace/builds/worker-5/source/Cargo.toml
[INFO] crate git repo https://github.com/Lisoph/autossh already has a lockfile, it will not be regenerated
[INFO] running `Command { std: "/workspace/cargo-home/bin/cargo" "+ff34b919075f35a1787659e9c448a34b06bab8de" "fetch" "--manifest-path" "Cargo.toml", kill_on_drop: false }`
[INFO] running `Command { std: "docker" "create" "-v" "/var/lib/crater-agent-workspace/builds/worker-5/target:/opt/rustwide/target:rw,Z" "-v" "/var/lib/crater-agent-workspace/builds/worker-5/source:/opt/rustwide/workdir:ro,Z" "-v" "/var/lib/crater-agent-workspace/cargo-home:/opt/rustwide/cargo-home:ro,Z" "-v" "/var/lib/crater-agent-workspace/rustup-home:/opt/rustwide/rustup-home:ro,Z" "-e" "SOURCE_DIR=/opt/rustwide/workdir" "-e" "CARGO_TARGET_DIR=/opt/rustwide/target" "-e" "CARGO_HOME=/opt/rustwide/cargo-home" "-e" "RUSTUP_HOME=/opt/rustwide/rustup-home" "-w" "/opt/rustwide/workdir" "-m" "1610612736" "--user" "0:0" "--network" "none" "ghcr.io/rust-lang/crates-build-env/linux@sha256:20528e8c29e4536546f0102ce88568b16ea7538393a33fcca951030f7af10457" "/opt/rustwide/cargo-home/bin/cargo" "+ff34b919075f35a1787659e9c448a34b06bab8de" "metadata" "--no-deps" "--format-version=1", kill_on_drop: false }`
[INFO] [stdout] 84bf19e1bf497fe7a7e0224ff866b34cdc679208f9678f51ca3e72f9a96793cd
[INFO] [stderr] WARNING: Your kernel does not support swap limit capabilities or the cgroup is not mounted. Memory limited without swap.
[INFO] running `Command { std: "docker" "start" "-a" "84bf19e1bf497fe7a7e0224ff866b34cdc679208f9678f51ca3e72f9a96793cd", kill_on_drop: false }`
[INFO] running `Command { std: "docker" "inspect" "84bf19e1bf497fe7a7e0224ff866b34cdc679208f9678f51ca3e72f9a96793cd", kill_on_drop: false }`
[INFO] running `Command { std: "docker" "rm" "-f" "84bf19e1bf497fe7a7e0224ff866b34cdc679208f9678f51ca3e72f9a96793cd", kill_on_drop: false }`
[INFO] [stdout] 84bf19e1bf497fe7a7e0224ff866b34cdc679208f9678f51ca3e72f9a96793cd
[INFO] running `Command { std: "docker" "create" "-v" "/var/lib/crater-agent-workspace/builds/worker-5/target:/opt/rustwide/target:rw,Z" "-v" "/var/lib/crater-agent-workspace/builds/worker-5/source:/opt/rustwide/workdir:ro,Z" "-v" "/var/lib/crater-agent-workspace/cargo-home:/opt/rustwide/cargo-home:ro,Z" "-v" "/var/lib/crater-agent-workspace/rustup-home:/opt/rustwide/rustup-home:ro,Z" "-e" "SOURCE_DIR=/opt/rustwide/workdir" "-e" "CARGO_TARGET_DIR=/opt/rustwide/target" "-e" "CARGO_INCREMENTAL=0" "-e" "RUST_BACKTRACE=full" "-e" "RUSTFLAGS=--cap-lints=forbid" "-e" "CARGO_HOME=/opt/rustwide/cargo-home" "-e" "RUSTUP_HOME=/opt/rustwide/rustup-home" "-w" "/opt/rustwide/workdir" "-m" "1610612736" "--user" "0:0" "--network" "none" "ghcr.io/rust-lang/crates-build-env/linux@sha256:20528e8c29e4536546f0102ce88568b16ea7538393a33fcca951030f7af10457" "/opt/rustwide/cargo-home/bin/cargo" "+ff34b919075f35a1787659e9c448a34b06bab8de" "build" "--frozen" "--message-format=json", kill_on_drop: false }`
[INFO] [stdout] 6b6c4f31c8bda07e3b6c1ea5864660e9d963c88f03539f501c797ec5792279a6
[INFO] [stderr] WARNING: Your kernel does not support swap limit capabilities or the cgroup is not mounted. Memory limited without swap.
[INFO] running `Command { std: "docker" "start" "-a" "6b6c4f31c8bda07e3b6c1ea5864660e9d963c88f03539f501c797ec5792279a6", kill_on_drop: false }`
[INFO] [stderr]    Compiling pkg-config v0.3.8
[INFO] [stderr]    Compiling gcc v0.3.28
[INFO] [stderr]    Compiling libc v0.2.11
[INFO] [stderr]    Compiling unicode-width v0.1.3
[INFO] [stderr]    Compiling ansi_term v0.7.2
[INFO] [stderr]    Compiling strsim v0.4.1
[INFO] [stderr]    Compiling bitflags v0.1.1
[INFO] [stderr]    Compiling vec_map v0.6.0
[INFO] [stderr]    Compiling bitflags v0.5.0
[INFO] [stderr]    Compiling clap v2.5.2
[INFO] [stderr]    Compiling cmake v0.1.17
[INFO] [stderr]    Compiling openssl-sys v0.7.13
[INFO] [stderr]    Compiling libz-sys v1.0.3
[INFO] [stderr]    Compiling libssh2-sys v0.1.37
[INFO] [stderr] error: failed to run custom build command for `libssh2-sys v0.1.37`
[INFO] [stderr] 
[INFO] [stderr] Caused by:
[INFO] [stderr]   process didn't exit successfully: `/opt/rustwide/target/debug/build/libssh2-sys-8f57938ee0167d6f/build-script-build` (exit status: 101)
[INFO] [stderr]   --- stdout
[INFO] [stderr]   running: "cmake" "/opt/rustwide/cargo-home/registry/src/github.com-1ecc6299db9ec823/libssh2-sys-0.1.37/libssh2" "-DCRYPTO_BACKEND=OpenSSL" "-DBUILD_SHARED_LIBS=OFF" "-DENABLE_ZLIB_COMPRESSION=ON" "-DCMAKE_INSTALL_LIBDIR=lib" "-DBUILD_EXAMPLES=OFF" "-DBUILD_TESTING=OFF" "-DCMAKE_INSTALL_PREFIX=/opt/rustwide/target/debug/build/libssh2-sys-410137773715d5aa/out" "-DCMAKE_C_FLAGS= -O0 -ffunction-sections -fdata-sections -m64 -fPIC" "-DCMAKE_C_COMPILER=/usr/bin/cc" "-DCMAKE_CXX_FLAGS= -O0 -ffunction-sections -fdata-sections -m64 -fPIC" "-DCMAKE_CXX_COMPILER=/usr/bin/c++" "-DCMAKE_BUILD_TYPE=Debug"
[INFO] [stderr]   -- The C compiler identification is GNU 9.3.0
[INFO] [stderr]   -- Check for working C compiler: /usr/bin/cc
[INFO] [stderr]   -- Check for working C compiler: /usr/bin/cc -- works
[INFO] [stderr]   -- Detecting C compiler ABI info
[INFO] [stderr]   -- Detecting C compiler ABI info - done
[INFO] [stderr]   -- Detecting C compile features
[INFO] [stderr]   -- Detecting C compile features - done
[INFO] [stderr]   -- Found OpenSSL: /usr/lib/x86_64-linux-gnu/libcrypto.so (found version "1.1.1f")  
[INFO] [stderr]   -- Looking for EVP_aes_128_ctr
[INFO] [stderr]   -- Looking for EVP_aes_128_ctr - found
[INFO] [stderr]   -- Found ZLIB: /usr/lib/x86_64-linux-gnu/libz.so (found version "1.2.11") 
[INFO] [stderr]   -- Looking for include file unistd.h
[INFO] [stderr]   -- Looking for include file unistd.h - found
[INFO] [stderr]   -- Looking for include file inttypes.h
[INFO] [stderr]   -- Looking for include file inttypes.h - found
[INFO] [stderr]   -- Looking for include file stdlib.h
[INFO] [stderr]   -- Looking for include file stdlib.h - found
[INFO] [stderr]   -- Looking for include file sys/select.h
[INFO] [stderr]   -- Looking for include file sys/select.h - found
[INFO] [stderr]   -- Looking for include file sys/uio.h
[INFO] [stderr]   -- Looking for include file sys/uio.h - found
[INFO] [stderr]   -- Looking for include file sys/socket.h
[INFO] [stderr]   -- Looking for include file sys/socket.h - found
[INFO] [stderr]   -- Looking for include file sys/ioctl.h
[INFO] [stderr]   -- Looking for include file sys/ioctl.h - found
[INFO] [stderr]   -- Looking for include file sys/time.h
[INFO] [stderr]   -- Looking for include file sys/time.h - found
[INFO] [stderr]   -- Looking for include file sys/un.h
[INFO] [stderr]   -- Looking for include file sys/un.h - found
[INFO] [stderr]   -- Looking for include file windows.h
[INFO] [stderr]   -- Looking for include file windows.h - not found
[INFO] [stderr]   -- Looking for include file ws2tcpip.h
[INFO] [stderr]   -- Looking for include file ws2tcpip.h - not found
[INFO] [stderr]   -- Looking for include file winsock2.h
[INFO] [stderr]   -- Looking for include file winsock2.h - not found
[INFO] [stderr]   -- Looking for sys/types.h
[INFO] [stderr]   -- Looking for sys/types.h - found
[INFO] [stderr]   -- Looking for stdint.h
[INFO] [stderr]   -- Looking for stdint.h - found
[INFO] [stderr]   -- Looking for stddef.h
[INFO] [stderr]   -- Looking for stddef.h - found
[INFO] [stderr]   -- Check size of long long
[INFO] [stderr]   -- Check size of long long - done
[INFO] [stderr]   -- Looking for gettimeofday
[INFO] [stderr]   -- Looking for gettimeofday - found
[INFO] [stderr]   -- Looking for strtoll
[INFO] [stderr]   -- Looking for strtoll - found
[INFO] [stderr]   -- Looking for snprintf
[INFO] [stderr]   -- Looking for snprintf - found
[INFO] [stderr]   -- Looking for poll
[INFO] [stderr]   -- Looking for poll - found
[INFO] [stderr]   -- Looking for socket
[INFO] [stderr]   -- Looking for socket - found
[INFO] [stderr]   -- Looking for select
[INFO] [stderr]   -- Looking for select - found
[INFO] [stderr]   -- Looking for inet_addr
[INFO] [stderr]   -- Looking for inet_addr - found
[INFO] [stderr]   -- Performing Test HAVE_O_NONBLOCK
[INFO] [stderr]   -- Performing Test HAVE_O_NONBLOCK - Success
[INFO] [stderr]   -- The following features have been enabled:
[INFO] [stderr] 
[INFO] [stderr]    * Compression, using zlib for compression
[INFO] [stderr]    * diffie-hellman-group-exchange-sha1, "new" diffie-hellman-group-exchange-sha1 method
[INFO] [stderr]    * Logging, Logging of execution with debug trace
[INFO] [stderr] 
[INFO] [stderr]   -- The following REQUIRED packages have been found:
[INFO] [stderr] 
[INFO] [stderr]    * OpenSSL
[INFO] [stderr]    * ZLIB
[INFO] [stderr] 
[INFO] [stderr]   -- The following features have been disabled:
[INFO] [stderr] 
[INFO] [stderr]    * Shared library, creating libssh2 as a shared library (.so/.dll)
[INFO] [stderr]    * "none" cipher
[INFO] [stderr]    * "none" MAC
[INFO] [stderr] 
[INFO] [stderr]   -- Configuring done
[INFO] [stderr]   -- Generating done
[INFO] [stderr]   -- Build files have been written to: /opt/rustwide/target/debug/build/libssh2-sys-410137773715d5aa/out/build
[INFO] [stderr]   running: "cmake" "--build" "." "--target" "install" "--config" "Debug" "--" "-j32"
[INFO] [stderr]   Scanning dependencies of target libssh2
[INFO] [stderr]   [  4%] Building C object src/CMakeFiles/libssh2.dir/agent.c.o
[INFO] [stderr]   [  9%] Building C object src/CMakeFiles/libssh2.dir/openssl.c.o
[INFO] [stderr]   [ 13%] Building C object src/CMakeFiles/libssh2.dir/channel.c.o
[INFO] [stderr]   [ 18%] Building C object src/CMakeFiles/libssh2.dir/comp.c.o
[INFO] [stderr]   [ 22%] Building C object src/CMakeFiles/libssh2.dir/crypt.c.o
[INFO] [stderr]   [ 27%] Building C object src/CMakeFiles/libssh2.dir/global.c.o
[INFO] [stderr]   [ 31%] Building C object src/CMakeFiles/libssh2.dir/hostkey.c.o
[INFO] [stderr]   [ 36%] Building C object src/CMakeFiles/libssh2.dir/keepalive.c.o
[INFO] [stderr]   [ 40%] Building C object src/CMakeFiles/libssh2.dir/knownhost.c.o
[INFO] [stderr]   [ 45%] Building C object src/CMakeFiles/libssh2.dir/kex.c.o
[INFO] [stderr] 
[INFO] [stderr]   --- stderr
[INFO] [stderr]   CMake Warning:
[INFO] [stderr]     Manually-specified variables were not used by the project:
[INFO] [stderr] 
[INFO] [stderr]       CMAKE_CXX_COMPILER
[INFO] [stderr] 
[INFO] [stderr] 
[INFO] [stderr]   In file included from /opt/rustwide/cargo-home/registry/src/github.com-1ecc6299db9ec823/libssh2-sys-0.1.37/libssh2/src/comp.c:39:
[INFO] [stderr]   /opt/rustwide/cargo-home/registry/src/github.com-1ecc6299db9ec823/libssh2-sys-0.1.37/libssh2/src/libssh2_priv.h:255:22: error: field 'exchange_hash' has incomplete type
[INFO] [stderr]     255 |     libssh2_sha1_ctx exchange_hash;
[INFO] [stderr]         |                      ^~~~~~~~~~~~~
[INFO] [stderr]   make[2]: *** [src/CMakeFiles/libssh2.dir/build.make:102: src/CMakeFiles/libssh2.dir/comp.c.o] Error 1
[INFO] [stderr]   make[2]: *** Waiting for unfinished jobs....
[INFO] [stderr]   In file included from /opt/rustwide/cargo-home/registry/src/github.com-1ecc6299db9ec823/libssh2-sys-0.1.37/libssh2/src/crypt.c:39:
[INFO] [stderr]   /opt/rustwide/cargo-home/registry/src/github.com-1ecc6299db9ec823/libssh2-sys-0.1.37/libssh2/src/libssh2_priv.h:255:22: error: field 'exchange_hash' has incomplete type
[INFO] [stderr]     255 |     libssh2_sha1_ctx exchange_hash;
[INFO] [stderr]         |                      ^~~~~~~~~~~~~
[INFO] [stderr]   /opt/rustwide/cargo-home/registry/src/github.com-1ecc6299db9ec823/libssh2-sys-0.1.37/libssh2/src/crypt.c:70:25: error: field 'h' has incomplete type
[INFO] [stderr]      70 |     _libssh2_cipher_ctx h;
[INFO] [stderr]         |                         ^
[INFO] [stderr]   /opt/rustwide/cargo-home/registry/src/github.com-1ecc6299db9ec823/libssh2-sys-0.1.37/libssh2/src/crypt.c: In function 'crypt_encrypt':
[INFO] [stderr]   /opt/rustwide/cargo-home/registry/src/github.com-1ecc6299db9ec823/libssh2-sys-0.1.37/libssh2/src/crypt.c:105:1: warning: control reaches end of non-void function [-Wreturn-type]
[INFO] [stderr]     105 | }
[INFO] [stderr]         | ^
[INFO] [stderr]   In file included from /opt/rustwide/cargo-home/registry/src/github.com-1ecc6299db9ec823/libssh2-sys-0.1.37/libssh2/src/channel.c:41:
[INFO] [stderr]   /opt/rustwide/cargo-home/registry/src/github.com-1ecc6299db9ec823/libssh2-sys-0.1.37/libssh2/src/libssh2_priv.h:255:22: error: field 'exchange_hash' has incomplete type
[INFO] [stderr]     255 |     libssh2_sha1_ctx exchange_hash;
[INFO] [stderr]         |                      ^~~~~~~~~~~~~
[INFO] [stderr]   make[2]: *** [src/CMakeFiles/libssh2.dir/build.make:115: src/CMakeFiles/libssh2.dir/crypt.c.o] Error 1
[INFO] [stderr]   In file included from /opt/rustwide/cargo-home/registry/src/github.com-1ecc6299db9ec823/libssh2-sys-0.1.37/libssh2/src/openssl.c:41:
[INFO] [stderr]   /opt/rustwide/cargo-home/registry/src/github.com-1ecc6299db9ec823/libssh2-sys-0.1.37/libssh2/src/libssh2_priv.h:255:22: error: field 'exchange_hash' has incomplete type
[INFO] [stderr]     255 |     libssh2_sha1_ctx exchange_hash;
[INFO] [stderr]         |                      ^~~~~~~~~~~~~
[INFO] [stderr]   make[2]: *** [src/CMakeFiles/libssh2.dir/build.make:89: src/CMakeFiles/libssh2.dir/channel.c.o] Error 1
[INFO] [stderr]   /opt/rustwide/cargo-home/registry/src/github.com-1ecc6299db9ec823/libssh2-sys-0.1.37/libssh2/src/openssl.c: In function '_libssh2_rsa_new':
[INFO] [stderr]   /opt/rustwide/cargo-home/registry/src/github.com-1ecc6299db9ec823/libssh2-sys-0.1.37/libssh2/src/openssl.c:71:11: error: dereferencing pointer to incomplete type 'RSA' {aka 'struct rsa_st'}
[INFO] [stderr]      71 |     (*rsa)->e = BN_new();
[INFO] [stderr]         |           ^~
[INFO] [stderr]   /opt/rustwide/cargo-home/registry/src/github.com-1ecc6299db9ec823/libssh2-sys-0.1.37/libssh2/src/openssl.c: In function '_libssh2_dsa_new':
[INFO] [stderr]   /opt/rustwide/cargo-home/registry/src/github.com-1ecc6299db9ec823/libssh2-sys-0.1.37/libssh2/src/openssl.c:130:14: error: dereferencing pointer to incomplete type 'DSA' {aka 'struct dsa_st'}
[INFO] [stderr]     130 |     (*dsactx)->p = BN_new();
[INFO] [stderr]         |              ^~
[INFO] [stderr]   /opt/rustwide/cargo-home/registry/src/github.com-1ecc6299db9ec823/libssh2-sys-0.1.37/libssh2/src/openssl.c: In function '_libssh2_dsa_sha1_verify':
[INFO] [stderr]   /opt/rustwide/cargo-home/registry/src/github.com-1ecc6299db9ec823/libssh2-sys-0.1.37/libssh2/src/openssl.c:156:13: error: storage size of 'dsasig' isn't known
[INFO] [stderr]     156 |     DSA_SIG dsasig;
[INFO] [stderr]         |             ^~~~~~
[INFO] [stderr]   /opt/rustwide/cargo-home/registry/src/github.com-1ecc6299db9ec823/libssh2-sys-0.1.37/libssh2/src/openssl.c:156:13: warning: unused variable 'dsasig' [-Wunused-variable]
[INFO] [stderr]   /opt/rustwide/cargo-home/registry/src/github.com-1ecc6299db9ec823/libssh2-sys-0.1.37/libssh2/src/openssl.c: In function 'aes_ctr_init':
[INFO] [stderr]   /opt/rustwide/cargo-home/registry/src/github.com-1ecc6299db9ec823/libssh2-sys-0.1.37/libssh2/src/openssl.c:225:16: error: dereferencing pointer to incomplete type 'EVP_CIPHER_CTX' {aka 'struct evp_cipher_ctx_st'}
[INFO] [stderr]     225 |     switch (ctx->key_len) {
[INFO] [stderr]         |                ^~
[INFO] [stderr]   /opt/rustwide/cargo-home/registry/src/github.com-1ecc6299db9ec823/libssh2-sys-0.1.37/libssh2/src/openssl.c:243:32: error: invalid application of 'sizeof' to incomplete type 'EVP_CIPHER_CTX' {aka 'struct evp_cipher_ctx_st'}
[INFO] [stderr]     243 |     c->aes_ctx = malloc(sizeof(EVP_CIPHER_CTX));
[INFO] [stderr]         |                                ^~~~~~~~~~~~~~
[INFO] [stderr]   /opt/rustwide/cargo-home/registry/src/github.com-1ecc6299db9ec823/libssh2-sys-0.1.37/libssh2/src/openssl.c: In function 'make_ctr_evp':
[INFO] [stderr]   /opt/rustwide/cargo-home/registry/src/github.com-1ecc6299db9ec823/libssh2-sys-0.1.37/libssh2/src/openssl.c:327:19: error: dereferencing pointer to incomplete type 'EVP_CIPHER' {aka 'struct evp_cipher_st'}
[INFO] [stderr]     327 |     aes_ctr_cipher->block_size = 16;
[INFO] [stderr]         |                   ^~
[INFO] [stderr]   /opt/rustwide/cargo-home/registry/src/github.com-1ecc6299db9ec823/libssh2-sys-0.1.37/libssh2/src/openssl.c: In function '_libssh2_EVP_aes_128_ctr':
[INFO] [stderr]   /opt/rustwide/cargo-home/registry/src/github.com-1ecc6299db9ec823/libssh2-sys-0.1.37/libssh2/src/openssl.c:340:23: error: storage size of 'aes_ctr_cipher' isn't known
[INFO] [stderr]     340 |     static EVP_CIPHER aes_ctr_cipher;
[INFO] [stderr]         |                       ^~~~~~~~~~~~~~
[INFO] [stderr]   /opt/rustwide/cargo-home/registry/src/github.com-1ecc6299db9ec823/libssh2-sys-0.1.37/libssh2/src/openssl.c:340:23: warning: unused variable 'aes_ctr_cipher' [-Wunused-variable]
[INFO] [stderr]   /opt/rustwide/cargo-home/registry/src/github.com-1ecc6299db9ec823/libssh2-sys-0.1.37/libssh2/src/openssl.c: In function '_libssh2_EVP_aes_192_ctr':
[INFO] [stderr]   /opt/rustwide/cargo-home/registry/src/github.com-1ecc6299db9ec823/libssh2-sys-0.1.37/libssh2/src/openssl.c:348:23: error: storage size of 'aes_ctr_cipher' isn't known
[INFO] [stderr]     348 |     static EVP_CIPHER aes_ctr_cipher;
[INFO] [stderr]         |                       ^~~~~~~~~~~~~~
[INFO] [stderr]   /opt/rustwide/cargo-home/registry/src/github.com-1ecc6299db9ec823/libssh2-sys-0.1.37/libssh2/src/openssl.c:348:23: warning: unused variable 'aes_ctr_cipher' [-Wunused-variable]
[INFO] [stderr]   /opt/rustwide/cargo-home/registry/src/github.com-1ecc6299db9ec823/libssh2-sys-0.1.37/libssh2/src/openssl.c: In function '_libssh2_EVP_aes_256_ctr':
[INFO] [stderr]   /opt/rustwide/cargo-home/registry/src/github.com-1ecc6299db9ec823/libssh2-sys-0.1.37/libssh2/src/openssl.c:356:23: error: storage size of 'aes_ctr_cipher' isn't known
[INFO] [stderr]     356 |     static EVP_CIPHER aes_ctr_cipher;
[INFO] [stderr]         |                       ^~~~~~~~~~~~~~
[INFO] [stderr]   /opt/rustwide/cargo-home/registry/src/github.com-1ecc6299db9ec823/libssh2-sys-0.1.37/libssh2/src/openssl.c:356:23: warning: unused variable 'aes_ctr_cipher' [-Wunused-variable]
[INFO] [stderr]   In file included from /usr/include/openssl/asn1.h:23,
[INFO] [stderr]                    from /usr/include/openssl/objects.h:15,
[INFO] [stderr]                    from /usr/include/openssl/evp.h:28,
[INFO] [stderr]                    from /opt/rustwide/cargo-home/registry/src/github.com-1ecc6299db9ec823/libssh2-sys-0.1.37/libssh2/src/openssl.h:45,
[INFO] [stderr]                    from /opt/rustwide/cargo-home/registry/src/github.com-1ecc6299db9ec823/libssh2-sys-0.1.37/libssh2/src/crypto.h:42,
[INFO] [stderr]                    from /opt/rustwide/cargo-home/registry/src/github.com-1ecc6299db9ec823/libssh2-sys-0.1.37/libssh2/src/libssh2_priv.h:135,
[INFO] [stderr]                    from /opt/rustwide/cargo-home/registry/src/github.com-1ecc6299db9ec823/libssh2-sys-0.1.37/libssh2/src/openssl.c:41:
[INFO] [stderr]   /opt/rustwide/cargo-home/registry/src/github.com-1ecc6299db9ec823/libssh2-sys-0.1.37/libssh2/src/openssl.c: In function '_libssh2_dsa_sha1_sign':
[INFO] [stderr]   /opt/rustwide/cargo-home/registry/src/github.com-1ecc6299db9ec823/libssh2-sys-0.1.37/libssh2/src/openssl.c:547:29: error: dereferencing pointer to incomplete type 'DSA_SIG' {aka 'struct DSA_SIG_st'}
[INFO] [stderr]     547 |     r_len = BN_num_bytes(sig->r);
[INFO] [stderr]         |                             ^~
[INFO] [stderr]   /opt/rustwide/cargo-home/registry/src/github.com-1ecc6299db9ec823/libssh2-sys-0.1.37/libssh2/src/openssl.c: In function '_libssh2_sha1':
[INFO] [stderr]   /opt/rustwide/cargo-home/registry/src/github.com-1ecc6299db9ec823/libssh2-sys-0.1.37/libssh2/src/openssl.c:580:16: error: storage size of 'ctx' isn't known
[INFO] [stderr]     580 |     EVP_MD_CTX ctx;
[INFO] [stderr]         |                ^~~
[INFO] [stderr]   /opt/rustwide/cargo-home/registry/src/github.com-1ecc6299db9ec823/libssh2-sys-0.1.37/libssh2/src/openssl.c:580:16: warning: unused variable 'ctx' [-Wunused-variable]
[INFO] [stderr]   /opt/rustwide/cargo-home/registry/src/github.com-1ecc6299db9ec823/libssh2-sys-0.1.37/libssh2/src/openssl.c: In function '_libssh2_pub_priv_keyfile':
[INFO] [stderr]   /opt/rustwide/cargo-home/registry/src/github.com-1ecc6299db9ec823/libssh2-sys-0.1.37/libssh2/src/openssl.c:848:15: error: dereferencing pointer to incomplete type 'EVP_PKEY' {aka 'struct evp_pkey_st'}
[INFO] [stderr]     848 |     switch (pk->type) {
[INFO] [stderr]         |               ^~
[INFO] [stderr]   /opt/rustwide/cargo-home/registry/src/github.com-1ecc6299db9ec823/libssh2-sys-0.1.37/libssh2/src/openssl.c: In function '_libssh2_EVP_aes_128_ctr':
[INFO] [stderr]   /opt/rustwide/cargo-home/registry/src/github.com-1ecc6299db9ec823/libssh2-sys-0.1.37/libssh2/src/openssl.c:343:1: warning: control reaches end of non-void function [-Wreturn-type]
[INFO] [stderr]     343 | }
[INFO] [stderr]         | ^
[INFO] [stderr]   /opt/rustwide/cargo-home/registry/src/github.com-1ecc6299db9ec823/libssh2-sys-0.1.37/libssh2/src/openssl.c: In function '_libssh2_EVP_aes_192_ctr':
[INFO] [stderr]   /opt/rustwide/cargo-home/registry/src/github.com-1ecc6299db9ec823/libssh2-sys-0.1.37/libssh2/src/openssl.c:351:1: warning: control reaches end of non-void function [-Wreturn-type]
[INFO] [stderr]     351 | }
[INFO] [stderr]         | ^
[INFO] [stderr]   /opt/rustwide/cargo-home/registry/src/github.com-1ecc6299db9ec823/libssh2-sys-0.1.37/libssh2/src/openssl.c: In function '_libssh2_EVP_aes_256_ctr':
[INFO] [stderr]   /opt/rustwide/cargo-home/registry/src/github.com-1ecc6299db9ec823/libssh2-sys-0.1.37/libssh2/src/openssl.c:359:1: warning: control reaches end of non-void function [-Wreturn-type]
[INFO] [stderr]     359 | }
[INFO] [stderr]         | ^
[INFO] [stderr]   make[2]: *** [src/CMakeFiles/libssh2.dir/build.make:63: src/CMakeFiles/libssh2.dir/openssl.c.o] Error 1
[INFO] [stderr]   In file included from /opt/rustwide/cargo-home/registry/src/github.com-1ecc6299db9ec823/libssh2-sys-0.1.37/libssh2/src/knownhost.c:39:
[INFO] [stderr]   /opt/rustwide/cargo-home/registry/src/github.com-1ecc6299db9ec823/libssh2-sys-0.1.37/libssh2/src/libssh2_priv.h:255:22: error: field 'exchange_hash' has incomplete type
[INFO] [stderr]     255 |     libssh2_sha1_ctx exchange_hash;
[INFO] [stderr]         |                      ^~~~~~~~~~~~~
[INFO] [stderr]   In file included from /opt/rustwide/cargo-home/registry/src/github.com-1ecc6299db9ec823/libssh2-sys-0.1.37/libssh2/src/global.c:39:
[INFO] [stderr]   /opt/rustwide/cargo-home/registry/src/github.com-1ecc6299db9ec823/libssh2-sys-0.1.37/libssh2/src/libssh2_priv.h:255:22: error: field 'exchange_hash' has incomplete type
[INFO] [stderr]     255 |     libssh2_sha1_ctx exchange_hash;
[INFO] [stderr]         |                      ^~~~~~~~~~~~~
[INFO] [stderr]   /opt/rustwide/cargo-home/registry/src/github.com-1ecc6299db9ec823/libssh2-sys-0.1.37/libssh2/src/knownhost.c: In function 'knownhost_check':
[INFO] [stderr]   /opt/rustwide/cargo-home/registry/src/github.com-1ecc6299db9ec823/libssh2-sys-0.1.37/libssh2/src/knownhost.c:421:38: error: storage size of 'ctx' isn't known
[INFO] [stderr]     421 |                     libssh2_hmac_ctx ctx;
[INFO] [stderr]         |                                      ^~~
[INFO] [stderr]   make[2]: *** [src/CMakeFiles/libssh2.dir/build.make:128: src/CMakeFiles/libssh2.dir/global.c.o] Error 1
[INFO] [stderr]   In file included from /opt/rustwide/cargo-home/registry/src/github.com-1ecc6299db9ec823/libssh2-sys-0.1.37/libssh2/src/crypto.h:42,
[INFO] [stderr]                    from /opt/rustwide/cargo-home/registry/src/github.com-1ecc6299db9ec823/libssh2-sys-0.1.37/libssh2/src/libssh2_priv.h:135,
[INFO] [stderr]                    from /opt/rustwide/cargo-home/registry/src/github.com-1ecc6299db9ec823/libssh2-sys-0.1.37/libssh2/src/knownhost.c:39:
[INFO] [stderr]   /opt/rustwide/cargo-home/registry/src/github.com-1ecc6299db9ec823/libssh2-sys-0.1.37/libssh2/src/openssl.h:130:3: warning: implicit declaration of function 'HMAC_CTX_init'; did you mean 'HMAC_CTX_new'? [-Wimplicit-function-declaration]
[INFO] [stderr]     130 |   HMAC_CTX_init(&ctx)
[INFO] [stderr]         |   ^~~~~~~~~~~~~
[INFO] [stderr]   /opt/rustwide/cargo-home/registry/src/github.com-1ecc6299db9ec823/libssh2-sys-0.1.37/libssh2/src/knownhost.c:422:21: note: in expansion of macro 'libssh2_hmac_ctx_init'
[INFO] [stderr]     422 |                     libssh2_hmac_ctx_init(ctx);
[INFO] [stderr]         |                     ^~~~~~~~~~~~~~~~~~~~~
[INFO] [stderr]   /opt/rustwide/cargo-home/registry/src/github.com-1ecc6299db9ec823/libssh2-sys-0.1.37/libssh2/src/knownhost.c:429:21: warning: 'HMAC_Init' is deprecated [-Wdeprecated-declarations]
[INFO] [stderr]     429 |                     libssh2_hmac_sha1_init(&ctx, (unsigned char *)node->salt,
[INFO] [stderr]         |                     ^~~~~~~~~~~~~~~~~~~~~~
[INFO] [stderr]   In file included from /opt/rustwide/cargo-home/registry/src/github.com-1ecc6299db9ec823/libssh2-sys-0.1.37/libssh2/src/openssl.h:40,
[INFO] [stderr]                    from /opt/rustwide/cargo-home/registry/src/github.com-1ecc6299db9ec823/libssh2-sys-0.1.37/libssh2/src/crypto.h:42,
[INFO] [stderr]                    from /opt/rustwide/cargo-home/registry/src/github.com-1ecc6299db9ec823/libssh2-sys-0.1.37/libssh2/src/libssh2_priv.h:135,
[INFO] [stderr]                    from /opt/rustwide/cargo-home/registry/src/github.com-1ecc6299db9ec823/libssh2-sys-0.1.37/libssh2/src/knownhost.c:39:
[INFO] [stderr]   /usr/include/openssl/hmac.h:30:1: note: declared here
[INFO] [stderr]      30 | DEPRECATEDIN_1_1_0(__owur int HMAC_Init(HMAC_CTX *ctx, const void *key, int len,
[INFO] [stderr]         | ^~~~~~~~~~~~~~~~~~
[INFO] [stderr]   In file included from /opt/rustwide/cargo-home/registry/src/github.com-1ecc6299db9ec823/libssh2-sys-0.1.37/libssh2/src/kex.c:39:
[INFO] [stderr]   /opt/rustwide/cargo-home/registry/src/github.com-1ecc6299db9ec823/libssh2-sys-0.1.37/libssh2/src/libssh2_priv.h:255:22: error: field 'exchange_hash' has incomplete type
[INFO] [stderr]     255 |     libssh2_sha1_ctx exchange_hash;
[INFO] [stderr]         |                      ^~~~~~~~~~~~~
[INFO] [stderr]   In file included from /opt/rustwide/cargo-home/registry/src/github.com-1ecc6299db9ec823/libssh2-sys-0.1.37/libssh2/src/crypto.h:42,
[INFO] [stderr]                    from /opt/rustwide/cargo-home/registry/src/github.com-1ecc6299db9ec823/libssh2-sys-0.1.37/libssh2/src/libssh2_priv.h:135,
[INFO] [stderr]                    from /opt/rustwide/cargo-home/registry/src/github.com-1ecc6299db9ec823/libssh2-sys-0.1.37/libssh2/src/knownhost.c:39:
[INFO] [stderr]   /opt/rustwide/cargo-home/registry/src/github.com-1ecc6299db9ec823/libssh2-sys-0.1.37/libssh2/src/openssl.h:140:35: warning: implicit declaration of function 'HMAC_cleanup'; did you mean 'RAND_cleanup'? [-Wimplicit-function-declaration]
[INFO] [stderr]     140 | #define libssh2_hmac_cleanup(ctx) HMAC_cleanup(ctx)
[INFO] [stderr]         |                                   ^~~~~~~~~~~~
[INFO] [stderr]   /opt/rustwide/cargo-home/registry/src/github.com-1ecc6299db9ec823/libssh2-sys-0.1.37/libssh2/src/knownhost.c:434:21: note: in expansion of macro 'libssh2_hmac_cleanup'
[INFO] [stderr]     434 |                     libssh2_hmac_cleanup(&ctx);
[INFO] [stderr]         |                     ^~~~~~~~~~~~~~~~~~~~
[INFO] [stderr]   /opt/rustwide/cargo-home/registry/src/github.com-1ecc6299db9ec823/libssh2-sys-0.1.37/libssh2/src/knownhost.c:421:38: warning: unused variable 'ctx' [-Wunused-variable]
[INFO] [stderr]     421 |                     libssh2_hmac_ctx ctx;
[INFO] [stderr]         |                                      ^~~
[INFO] [stderr]   /opt/rustwide/cargo-home/registry/src/github.com-1ecc6299db9ec823/libssh2-sys-0.1.37/libssh2/src/kex.c: In function 'diffie_hellman_sha1':
[INFO] [stderr]   /opt/rustwide/cargo-home/registry/src/github.com-1ecc6299db9ec823/libssh2-sys-0.1.37/libssh2/src/kex.c:219:29: error: storage size of 'fingerprint_ctx' isn't known
[INFO] [stderr]     219 |             libssh2_md5_ctx fingerprint_ctx;
[INFO] [stderr]         |                             ^~~~~~~~~~~~~~~
[INFO] [stderr]   /opt/rustwide/cargo-home/registry/src/github.com-1ecc6299db9ec823/libssh2-sys-0.1.37/libssh2/src/kex.c:219:29: warning: unused variable 'fingerprint_ctx' [-Wunused-variable]
[INFO] [stderr]   /opt/rustwide/cargo-home/registry/src/github.com-1ecc6299db9ec823/libssh2-sys-0.1.37/libssh2/src/kex.c:247:30: error: storage size of 'fingerprint_ctx' isn't known
[INFO] [stderr]     247 |             libssh2_sha1_ctx fingerprint_ctx;
[INFO] [stderr]         |                              ^~~~~~~~~~~~~~~
[INFO] [stderr]   /opt/rustwide/cargo-home/registry/src/github.com-1ecc6299db9ec823/libssh2-sys-0.1.37/libssh2/src/kex.c:247:30: warning: unused variable 'fingerprint_ctx' [-Wunused-variable]
[INFO] [stderr]   /opt/rustwide/cargo-home/registry/src/github.com-1ecc6299db9ec823/libssh2-sys-0.1.37/libssh2/src/kex.c:49:26: error: storage size of 'hash' isn't known
[INFO] [stderr]      49 |         libssh2_sha1_ctx hash;                                          \
[INFO] [stderr]         |                          ^~~~
[INFO] [stderr]   /opt/rustwide/cargo-home/registry/src/github.com-1ecc6299db9ec823/libssh2-sys-0.1.37/libssh2/src/kex.c:482:13: note: in expansion of macro 'LIBSSH2_KEX_METHOD_DIFFIE_HELLMAN_SHA1_HASH'
[INFO] [stderr]     482 |             LIBSSH2_KEX_METHOD_DIFFIE_HELLMAN_SHA1_HASH(iv,
[INFO] [stderr]         |             ^~~~~~~~~~~~~~~~~~~~~~~~~~~~~~~~~~~~~~~~~~~
[INFO] [stderr]   /opt/rustwide/cargo-home/registry/src/github.com-1ecc6299db9ec823/libssh2-sys-0.1.37/libssh2/src/kex.c:49:26: warning: unused variable 'hash' [-Wunused-variable]
[INFO] [stderr]      49 |         libssh2_sha1_ctx hash;                                          \
[INFO] [stderr]         |                          ^~~~
[INFO] [stderr]   /opt/rustwide/cargo-home/registry/src/github.com-1ecc6299db9ec823/libssh2-sys-0.1.37/libssh2/src/kex.c:482:13: note: in expansion of macro 'LIBSSH2_KEX_METHOD_DIFFIE_HELLMAN_SHA1_HASH'
[INFO] [stderr]     482 |             LIBSSH2_KEX_METHOD_DIFFIE_HELLMAN_SHA1_HASH(iv,
[INFO] [stderr]         |             ^~~~~~~~~~~~~~~~~~~~~~~~~~~~~~~~~~~~~~~~~~~
[INFO] [stderr]   /opt/rustwide/cargo-home/registry/src/github.com-1ecc6299db9ec823/libssh2-sys-0.1.37/libssh2/src/kex.c:49:26: error: storage size of 'hash' isn't known
[INFO] [stderr]      49 |         libssh2_sha1_ctx hash;                                          \
[INFO] [stderr]         |                          ^~~~
[INFO] [stderr]   /opt/rustwide/cargo-home/registry/src/github.com-1ecc6299db9ec823/libssh2-sys-0.1.37/libssh2/src/kex.c:489:13: note: in expansion of macro 'LIBSSH2_KEX_METHOD_DIFFIE_HELLMAN_SHA1_HASH'
[INFO] [stderr]     489 |             LIBSSH2_KEX_METHOD_DIFFIE_HELLMAN_SHA1_HASH(secret,
[INFO] [stderr]         |             ^~~~~~~~~~~~~~~~~~~~~~~~~~~~~~~~~~~~~~~~~~~
[INFO] [stderr]   /opt/rustwide/cargo-home/registry/src/github.com-1ecc6299db9ec823/libssh2-sys-0.1.37/libssh2/src/kex.c:49:26: warning: unused variable 'hash' [-Wunused-variable]
[INFO] [stderr]      49 |         libssh2_sha1_ctx hash;                                          \
[INFO] [stderr]         |                          ^~~~
[INFO] [stderr]   /opt/rustwide/cargo-home/registry/src/github.com-1ecc6299db9ec823/libssh2-sys-0.1.37/libssh2/src/kex.c:489:13: note: in expansion of macro 'LIBSSH2_KEX_METHOD_DIFFIE_HELLMAN_SHA1_HASH'
[INFO] [stderr]     489 |             LIBSSH2_KEX_METHOD_DIFFIE_HELLMAN_SHA1_HASH(secret,
[INFO] [stderr]         |             ^~~~~~~~~~~~~~~~~~~~~~~~~~~~~~~~~~~~~~~~~~~
[INFO] [stderr]   /opt/rustwide/cargo-home/registry/src/github.com-1ecc6299db9ec823/libssh2-sys-0.1.37/libssh2/src/kex.c:49:26: error: storage size of 'hash' isn't known
[INFO] [stderr]      49 |         libssh2_sha1_ctx hash;                                          \
[INFO] [stderr]         |                          ^~~~
[INFO] [stderr]   /opt/rustwide/cargo-home/registry/src/github.com-1ecc6299db9ec823/libssh2-sys-0.1.37/libssh2/src/kex.c:529:13: note: in expansion of macro 'LIBSSH2_KEX_METHOD_DIFFIE_HELLMAN_SHA1_HASH'
[INFO] [stderr]     529 |             LIBSSH2_KEX_METHOD_DIFFIE_HELLMAN_SHA1_HASH(iv,
[INFO] [stderr]         |             ^~~~~~~~~~~~~~~~~~~~~~~~~~~~~~~~~~~~~~~~~~~
[INFO] [stderr]   /opt/rustwide/cargo-home/registry/src/github.com-1ecc6299db9ec823/libssh2-sys-0.1.37/libssh2/src/kex.c:49:26: warning: unused variable 'hash' [-Wunused-variable]
[INFO] [stderr]      49 |         libssh2_sha1_ctx hash;                                          \
[INFO] [stderr]         |                          ^~~~
[INFO] [stderr]   /opt/rustwide/cargo-home/registry/src/github.com-1ecc6299db9ec823/libssh2-sys-0.1.37/libssh2/src/kex.c:529:13: note: in expansion of macro 'LIBSSH2_KEX_METHOD_DIFFIE_HELLMAN_SHA1_HASH'
[INFO] [stderr]     529 |             LIBSSH2_KEX_METHOD_DIFFIE_HELLMAN_SHA1_HASH(iv,
[INFO] [stderr]         |             ^~~~~~~~~~~~~~~~~~~~~~~~~~~~~~~~~~~~~~~~~~~
[INFO] [stderr]   /opt/rustwide/cargo-home/registry/src/github.com-1ecc6299db9ec823/libssh2-sys-0.1.37/libssh2/src/kex.c:49:26: error: storage size of 'hash' isn't known
[INFO] [stderr]      49 |         libssh2_sha1_ctx hash;                                          \
[INFO] [stderr]         |                          ^~~~
[INFO] [stderr]   /opt/rustwide/cargo-home/registry/src/github.com-1ecc6299db9ec823/libssh2-sys-0.1.37/libssh2/src/kex.c:536:13: note: in expansion of macro 'LIBSSH2_KEX_METHOD_DIFFIE_HELLMAN_SHA1_HASH'
[INFO] [stderr]     536 |             LIBSSH2_KEX_METHOD_DIFFIE_HELLMAN_SHA1_HASH(secret,
[INFO] [stderr]         |             ^~~~~~~~~~~~~~~~~~~~~~~~~~~~~~~~~~~~~~~~~~~
[INFO] [stderr]   /opt/rustwide/cargo-home/registry/src/github.com-1ecc6299db9ec823/libssh2-sys-0.1.37/libssh2/src/kex.c:49:26: warning: unused variable 'hash' [-Wunused-variable]
[INFO] [stderr]      49 |         libssh2_sha1_ctx hash;                                          \
[INFO] [stderr]         |                          ^~~~
[INFO] [stderr]   /opt/rustwide/cargo-home/registry/src/github.com-1ecc6299db9ec823/libssh2-sys-0.1.37/libssh2/src/kex.c:536:13: note: in expansion of macro 'LIBSSH2_KEX_METHOD_DIFFIE_HELLMAN_SHA1_HASH'
[INFO] [stderr]     536 |             LIBSSH2_KEX_METHOD_DIFFIE_HELLMAN_SHA1_HASH(secret,
[INFO] [stderr]         |             ^~~~~~~~~~~~~~~~~~~~~~~~~~~~~~~~~~~~~~~~~~~
[INFO] [stderr]   /opt/rustwide/cargo-home/registry/src/github.com-1ecc6299db9ec823/libssh2-sys-0.1.37/libssh2/src/kex.c:49:26: error: storage size of 'hash' isn't known
[INFO] [stderr]      49 |         libssh2_sha1_ctx hash;                                          \
[INFO] [stderr]         |                          ^~~~
[INFO] [stderr]   /opt/rustwide/cargo-home/registry/src/github.com-1ecc6299db9ec823/libssh2-sys-0.1.37/libssh2/src/kex.c:574:13: note: in expansion of macro 'LIBSSH2_KEX_METHOD_DIFFIE_HELLMAN_SHA1_HASH'
[INFO] [stderr]     574 |             LIBSSH2_KEX_METHOD_DIFFIE_HELLMAN_SHA1_HASH(key,
[INFO] [stderr]         |             ^~~~~~~~~~~~~~~~~~~~~~~~~~~~~~~~~~~~~~~~~~~
[INFO] [stderr]   /opt/rustwide/cargo-home/registry/src/github.com-1ecc6299db9ec823/libssh2-sys-0.1.37/libssh2/src/kex.c:49:26: warning: unused variable 'hash' [-Wunused-variable]
[INFO] [stderr]      49 |         libssh2_sha1_ctx hash;                                          \
[INFO] [stderr]         |                          ^~~~
[INFO] [stderr]   /opt/rustwide/cargo-home/registry/src/github.com-1ecc6299db9ec823/libssh2-sys-0.1.37/libssh2/src/kex.c:574:13: note: in expansion of macro 'LIBSSH2_KEX_METHOD_DIFFIE_HELLMAN_SHA1_HASH'
[INFO] [stderr]     574 |             LIBSSH2_KEX_METHOD_DIFFIE_HELLMAN_SHA1_HASH(key,
[INFO] [stderr]         |             ^~~~~~~~~~~~~~~~~~~~~~~~~~~~~~~~~~~~~~~~~~~
[INFO] [stderr]   /opt/rustwide/cargo-home/registry/src/github.com-1ecc6299db9ec823/libssh2-sys-0.1.37/libssh2/src/kex.c:49:26: error: storage size of 'hash' isn't known
[INFO] [stderr]      49 |         libssh2_sha1_ctx hash;                                          \
[INFO] [stderr]         |                          ^~~~
[INFO] [stderr]   /opt/rustwide/cargo-home/registry/src/github.com-1ecc6299db9ec823/libssh2-sys-0.1.37/libssh2/src/kex.c:600:13: note: in expansion of macro 'LIBSSH2_KEX_METHOD_DIFFIE_HELLMAN_SHA1_HASH'
[INFO] [stderr]     600 |             LIBSSH2_KEX_METHOD_DIFFIE_HELLMAN_SHA1_HASH(key,
[INFO] [stderr]         |             ^~~~~~~~~~~~~~~~~~~~~~~~~~~~~~~~~~~~~~~~~~~
[INFO] [stderr]   /opt/rustwide/cargo-home/registry/src/github.com-1ecc6299db9ec823/libssh2-sys-0.1.37/libssh2/src/kex.c:49:26: warning: unused variable 'hash' [-Wunused-variable]
[INFO] [stderr]      49 |         libssh2_sha1_ctx hash;                                          \
[INFO] [stderr]         |                          ^~~~
[INFO] [stderr]   /opt/rustwide/cargo-home/registry/src/github.com-1ecc6299db9ec823/libssh2-sys-0.1.37/libssh2/src/kex.c:600:13: note: in expansion of macro 'LIBSSH2_KEX_METHOD_DIFFIE_HELLMAN_SHA1_HASH'
[INFO] [stderr]     600 |             LIBSSH2_KEX_METHOD_DIFFIE_HELLMAN_SHA1_HASH(key,
[INFO] [stderr]         |             ^~~~~~~~~~~~~~~~~~~~~~~~~~~~~~~~~~~~~~~~~~~
[INFO] [stderr]   make[2]: *** [src/CMakeFiles/libssh2.dir/build.make:180: src/CMakeFiles/libssh2.dir/knownhost.c.o] Error 1
[INFO] [stderr]   In file included from /opt/rustwide/cargo-home/registry/src/github.com-1ecc6299db9ec823/libssh2-sys-0.1.37/libssh2/src/agent.c:40:
[INFO] [stderr]   /opt/rustwide/cargo-home/registry/src/github.com-1ecc6299db9ec823/libssh2-sys-0.1.37/libssh2/src/libssh2_priv.h:255:22: error: field 'exchange_hash' has incomplete type
[INFO] [stderr]     255 |     libssh2_sha1_ctx exchange_hash;
[INFO] [stderr]         |                      ^~~~~~~~~~~~~
[INFO] [stderr]   make[2]: *** [src/CMakeFiles/libssh2.dir/build.make:167: src/CMakeFiles/libssh2.dir/kex.c.o] Error 1
[INFO] [stderr]   In file included from /opt/rustwide/cargo-home/registry/src/github.com-1ecc6299db9ec823/libssh2-sys-0.1.37/libssh2/src/keepalive.c:39:
[INFO] [stderr]   /opt/rustwide/cargo-home/registry/src/github.com-1ecc6299db9ec823/libssh2-sys-0.1.37/libssh2/src/libssh2_priv.h:255:22: error: field 'exchange_hash' has incomplete type
[INFO] [stderr]     255 |     libssh2_sha1_ctx exchange_hash;
[INFO] [stderr]         |                      ^~~~~~~~~~~~~
[INFO] [stderr]   In file included from /opt/rustwide/cargo-home/registry/src/github.com-1ecc6299db9ec823/libssh2-sys-0.1.37/libssh2/src/hostkey.c:39:
[INFO] [stderr]   /opt/rustwide/cargo-home/registry/src/github.com-1ecc6299db9ec823/libssh2-sys-0.1.37/libssh2/src/libssh2_priv.h:255:22: error: field 'exchange_hash' has incomplete type
[INFO] [stderr]     255 |     libssh2_sha1_ctx exchange_hash;
[INFO] [stderr]         |                      ^~~~~~~~~~~~~
[INFO] [stderr]   make[2]: *** [src/CMakeFiles/libssh2.dir/build.make:154: src/CMakeFiles/libssh2.dir/keepalive.c.o] Error 1
[INFO] [stderr]   make[2]: *** [src/CMakeFiles/libssh2.dir/build.make:76: src/CMakeFiles/libssh2.dir/agent.c.o] Error 1
[INFO] [stderr]   /opt/rustwide/cargo-home/registry/src/github.com-1ecc6299db9ec823/libssh2-sys-0.1.37/libssh2/src/hostkey.c: In function 'hostkey_method_ssh_rsa_signv':
[INFO] [stderr]   /opt/rustwide/cargo-home/registry/src/github.com-1ecc6299db9ec823/libssh2-sys-0.1.37/libssh2/src/hostkey.c:203:22: error: storage size of 'ctx' isn't known
[INFO] [stderr]     203 |     libssh2_sha1_ctx ctx;
[INFO] [stderr]         |                      ^~~
[INFO] [stderr]   /opt/rustwide/cargo-home/registry/src/github.com-1ecc6299db9ec823/libssh2-sys-0.1.37/libssh2/src/hostkey.c:203:22: warning: unused variable 'ctx' [-Wunused-variable]
[INFO] [stderr]   /opt/rustwide/cargo-home/registry/src/github.com-1ecc6299db9ec823/libssh2-sys-0.1.37/libssh2/src/hostkey.c: In function 'hostkey_method_ssh_dss_signv':
[INFO] [stderr]   /opt/rustwide/cargo-home/registry/src/github.com-1ecc6299db9ec823/libssh2-sys-0.1.37/libssh2/src/hostkey.c:412:22: error: storage size of 'ctx' isn't known
[INFO] [stderr]     412 |     libssh2_sha1_ctx ctx;
[INFO] [stderr]         |                      ^~~
[INFO] [stderr]   /opt/rustwide/cargo-home/registry/src/github.com-1ecc6299db9ec823/libssh2-sys-0.1.37/libssh2/src/hostkey.c:412:22: warning: unused variable 'ctx' [-Wunused-variable]
[INFO] [stderr]   make[2]: *** [src/CMakeFiles/libssh2.dir/build.make:141: src/CMakeFiles/libssh2.dir/hostkey.c.o] Error 1
[INFO] [stderr]   make[1]: *** [CMakeFiles/Makefile2:115: src/CMakeFiles/libssh2.dir/all] Error 2
[INFO] [stderr]   make: *** [Makefile:152: all] Error 2
[INFO] [stderr]   thread 'main' panicked at '
[INFO] [stderr]   command did not execute successfully, got: exit status: 2
[INFO] [stderr] 
[INFO] [stderr]   build script failed, must exit now', /opt/rustwide/cargo-home/registry/src/github.com-1ecc6299db9ec823/cmake-0.1.17/src/lib.rs:463:5
[INFO] [stderr]   stack backtrace:
[INFO] [stderr]      0:     0x5570919a0150 - std::backtrace_rs::backtrace::libunwind::trace::hdcf4f90f85129e83
[INFO] [stderr]                                  at /rustc/ff34b919075f35a1787659e9c448a34b06bab8de/library/std/src/../../backtrace/src/backtrace/libunwind.rs:90:5
[INFO] [stderr]      1:     0x5570919a0150 - std::backtrace_rs::backtrace::trace_unsynchronized::h2669e30cb82f6732
[INFO] [stderr]                                  at /rustc/ff34b919075f35a1787659e9c448a34b06bab8de/library/std/src/../../backtrace/src/backtrace/mod.rs:66:5
[INFO] [stderr]      2:     0x5570919a0150 - std::sys_common::backtrace::_print_fmt::hfbda19e17f6db318
[INFO] [stderr]                                  at /rustc/ff34b919075f35a1787659e9c448a34b06bab8de/library/std/src/sys_common/backtrace.rs:67:5
[INFO] [stderr]      3:     0x5570919a0150 - <std::sys_common::backtrace::_print::DisplayBacktrace as core::fmt::Display>::fmt::h1a8751bf59281272
[INFO] [stderr]                                  at /rustc/ff34b919075f35a1787659e9c448a34b06bab8de/library/std/src/sys_common/backtrace.rs:46:22
[INFO] [stderr]      4:     0x5570919bf7ef - core::fmt::write::h7aa6cd0067dca82a
[INFO] [stderr]                                  at /rustc/ff34b919075f35a1787659e9c448a34b06bab8de/library/core/src/fmt/mod.rs:1094:17
[INFO] [stderr]      5:     0x55709199d215 - std::io::Write::write_fmt::hd7dd3a1df9b6befb
[INFO] [stderr]                                  at /rustc/ff34b919075f35a1787659e9c448a34b06bab8de/library/std/src/io/mod.rs:1584:15
[INFO] [stderr]      6:     0x5570919a242b - std::sys_common::backtrace::_print::h551e9ec8a9fa8106
[INFO] [stderr]                                  at /rustc/ff34b919075f35a1787659e9c448a34b06bab8de/library/std/src/sys_common/backtrace.rs:49:5
[INFO] [stderr]      7:     0x5570919a242b - std::sys_common::backtrace::print::ha4b1c5e95fa040b3
[INFO] [stderr]                                  at /rustc/ff34b919075f35a1787659e9c448a34b06bab8de/library/std/src/sys_common/backtrace.rs:36:9
[INFO] [stderr]      8:     0x5570919a242b - std::panicking::default_hook::{{closure}}::h0b34c9ab7fb9f857
[INFO] [stderr]                                  at /rustc/ff34b919075f35a1787659e9c448a34b06bab8de/library/std/src/panicking.rs:208:50
[INFO] [stderr]      9:     0x5570919a1f0d - std::panicking::default_hook::h3067e8318decd17a
[INFO] [stderr]                                  at /rustc/ff34b919075f35a1787659e9c448a34b06bab8de/library/std/src/panicking.rs:225:9
[INFO] [stderr]     10:     0x5570919a29dd - std::panicking::rust_panic_with_hook::h81b8facc50f34daa
[INFO] [stderr]                                  at /rustc/ff34b919075f35a1787659e9c448a34b06bab8de/library/std/src/panicking.rs:591:17
[INFO] [stderr]     11:     0x5570919a25d7 - std::panicking::begin_panic_handler::{{closure}}::ha376ab85d95a000e
[INFO] [stderr]                                  at /rustc/ff34b919075f35a1787659e9c448a34b06bab8de/library/std/src/panicking.rs:497:13
[INFO] [stderr]     12:     0x5570919a060c - std::sys_common::backtrace::__rust_end_short_backtrace::h6795c8afdd1a77e6
[INFO] [stderr]                                  at /rustc/ff34b919075f35a1787659e9c448a34b06bab8de/library/std/src/sys_common/backtrace.rs:141:18
[INFO] [stderr]     13:     0x5570919a2539 - rust_begin_unwind
[INFO] [stderr]                                  at /rustc/ff34b919075f35a1787659e9c448a34b06bab8de/library/std/src/panicking.rs:493:5
[INFO] [stderr]     14:     0x55709193eb9b - std::panicking::begin_panic_fmt::hf43a0025042538e2
[INFO] [stderr]                                  at /rustc/ff34b919075f35a1787659e9c448a34b06bab8de/library/std/src/panicking.rs:435:5
[INFO] [stderr]     15:     0x55709194a5c3 - cmake::fail::hd695a09e78229567
[INFO] [stderr]                                  at /opt/rustwide/cargo-home/registry/src/github.com-1ecc6299db9ec823/cmake-0.1.17/src/lib.rs:463:5
[INFO] [stderr]     16:     0x557091949f22 - cmake::run::h18ef68e9cf044112
[INFO] [stderr]                                  at /opt/rustwide/cargo-home/registry/src/github.com-1ecc6299db9ec823/cmake-0.1.17/src/lib.rs:444:9
[INFO] [stderr]     17:     0x557091947d48 - cmake::Config::build::h4a1fa17717766d17
[INFO] [stderr]                                  at /opt/rustwide/cargo-home/registry/src/github.com-1ecc6299db9ec823/cmake-0.1.17/src/lib.rs:361:9
[INFO] [stderr]     18:     0x5570919431a1 - build_script_build::main::h08ed3cfbdba51848
[INFO] [stderr]                                  at /opt/rustwide/cargo-home/registry/src/github.com-1ecc6299db9ec823/libssh2-sys-0.1.37/build.rs:52:15
[INFO] [stderr]     19:     0x557091941d6b - core::ops::function::FnOnce::call_once::h2f6c162c7ea7444e
[INFO] [stderr]                                  at /rustc/ff34b919075f35a1787659e9c448a34b06bab8de/library/core/src/ops/function.rs:227:5
[INFO] [stderr]     20:     0x557091941c7e - std::sys_common::backtrace::__rust_begin_short_backtrace::hb8cbbe828d4b5f00
[INFO] [stderr]                                  at /rustc/ff34b919075f35a1787659e9c448a34b06bab8de/library/std/src/sys_common/backtrace.rs:125:18
[INFO] [stderr]     21:     0x557091941831 - std::rt::lang_start::{{closure}}::h9b937e008f5437f4
[INFO] [stderr]                                  at /rustc/ff34b919075f35a1787659e9c448a34b06bab8de/library/std/src/rt.rs:49:18
[INFO] [stderr]     22:     0x5570919a2dda - core::ops::function::impls::<impl core::ops::function::FnOnce<A> for &F>::call_once::h3b8c329143d7638a
[INFO] [stderr]                                  at /rustc/ff34b919075f35a1787659e9c448a34b06bab8de/library/core/src/ops/function.rs:259:13
[INFO] [stderr]     23:     0x5570919a2dda - std::panicking::try::do_call::h4b72c261b4eefc1b
[INFO] [stderr]                                  at /rustc/ff34b919075f35a1787659e9c448a34b06bab8de/library/std/src/panicking.rs:379:40
[INFO] [stderr]     24:     0x5570919a2dda - std::panicking::try::h703d31b7896cbd49
[INFO] [stderr]                                  at /rustc/ff34b919075f35a1787659e9c448a34b06bab8de/library/std/src/panicking.rs:343:19
[INFO] [stderr]     25:     0x5570919a2dda - std::panic::catch_unwind::h37cad9b35388a915
[INFO] [stderr]                                  at /rustc/ff34b919075f35a1787659e9c448a34b06bab8de/library/std/src/panic.rs:431:14
[INFO] [stderr]     26:     0x5570919a2dda - std::rt::lang_start_internal::hab5a8a909af4f90e
[INFO] [stderr]                                  at /rustc/ff34b919075f35a1787659e9c448a34b06bab8de/library/std/src/rt.rs:34:21
[INFO] [stderr]     27:     0x557091941810 - std::rt::lang_start::hc5e1acce0455601f
[INFO] [stderr]                                  at /rustc/ff34b919075f35a1787659e9c448a34b06bab8de/library/std/src/rt.rs:48:5
[INFO] [stderr]     28:     0x55709194421c - main
[INFO] [stderr]     29:     0x7f40bf4d00b3 - __libc_start_main
[INFO] [stderr]     30:     0x55709193f8ce - _start
[INFO] [stderr]     31:                0x0 - <unknown>
[INFO] running `Command { std: "docker" "inspect" "6b6c4f31c8bda07e3b6c1ea5864660e9d963c88f03539f501c797ec5792279a6", kill_on_drop: false }`
[INFO] running `Command { std: "docker" "rm" "-f" "6b6c4f31c8bda07e3b6c1ea5864660e9d963c88f03539f501c797ec5792279a6", kill_on_drop: false }`
[INFO] [stdout] 6b6c4f31c8bda07e3b6c1ea5864660e9d963c88f03539f501c797ec5792279a6
